 - 8*f = -p - 2345, -5 = p. Calculate the remainder when f is divided by 57.
39
Suppose -5*i + 2*w = 6*w - 609, i + 5*w - 126 = 0. Suppose -i*j = -120*j - 4. Let a(t) = 3*t. Calculate the remainder when a(5) is divided by j.
3
Let z = -499 - 187. Let t = -670 - z. Calculate the remainder when t is divided by 9.
7
Calculate the remainder when 920 is divided by 252/(-27)*(16 - 25).
80
Suppose -r + 12*b = 10*b - 282, -2*r + 2*b = -564. Calculate the remainder when r is divided by 72.
66
Calculate the remainder when 412 is divided by 868/49 - (-4)/14.
16
Let n be 204/(-9)*9/(-6). Let d = 36 - n. Suppose l - d = 0, 4*r + 0*l - 140 = 4*l. What is the remainder when r is divided by 8?
5
What is the remainder when 1009 is divided by 17 - (1 + 6 - 210/42)?
4
Let g(b) = -b**2 - b + 1. Let r be g(-4). Let c = 29 + r. Calculate the remainder when (-1)/(-7 + (-13)/(12831/(-6902))) is divided by c.
15
Suppose 3*t - 56 = 5*v, 4*t + 91*v - 94*v = 71. What is the remainder when 6526 is divided by t?
15
Let j(b) = -36*b**3 + 3*b**2 + b - 2. Let v be j(1). Let c be ((-85)/v)/(2/68). Suppose -c = -14*g + 9*g. Calculate the remainder when 45 is divided by g.
11
Suppose 11*q + 11*q = 5*q + 9945. What is the remainder when q is divided by 172?
69
Calculate the remainder when 4948 is divided by (21/(63/5))/(2*(-2)/(-360)).
148
Let y(x) = 2*x + 18. Let l(z) = -z - 19. Let r(w) = -3*l(w) - 2*y(w). Calculate the remainder when 63 is divided by r(7).
7
Suppose 0 = -4*f - 3*q + 63, -f + 2*f = -5*q + 3. Suppose -36*w + 37*w + 63 = 0. Calculate the remainder when 14/w - ((-922)/f - -1) is divided by 19.
12
Suppose 158 = u + 5*w, 0 = -0*u - 4*u + w + 653. What is the remainder when 273 is divided by u?
110
Suppose 2*b = 2*r - 652, 2*r + 3*b - 116 = 516. What is the remainder when r is divided by 100?
22
Suppose 2*p = 3*x + 26, -2*p - 658*x + 74 = -653*x. Let d = -63 + 118. Calculate the remainder when d is divided by p.
11
Let t = 14432 + -14122. What is the remainder when t is divided by 12?
10
Let s(b) = -54*b**2 + 2. Let l be s(-1). What is the remainder when (-2)/4*(l + -142) is divided by 9?
7
Suppose 0 = -8*l + 5*l + 2*l. Suppose -17*h + 23*h - 66 = l. Calculate the remainder when 21 is divided by h.
10
Let g(n) = 186*n**2 - 1375*n - 19. Calculate the remainder when g(13) is divided by 37.
35
Let f(x) = x**3 + 42*x**2 - 70*x - 163. What is the remainder when f(-43) is divided by 75?
23
Suppose -3*u + 266 = -j - 134, -3*u = 2*j + 836. Let i = j + 679. What is the remainder when i is divided by 45?
42
Let z(f) = 161*f + 1210. Calculate the remainder when 208 is divided by z(-7).
42
Calculate the remainder when ((-83251)/(-28))/((-336)/(-384)) is divided by 21.
17
Suppose 92 + 140 = 4*a. Suppose -x = -2, -d + x = 3*d - a. What is the remainder when 129 is divided by d?
9
Suppose 19*k + 294 = 61*k. Calculate the remainder when 914 is divided by k.
4
Let s = -8 - -18. What is the remainder when 2/(-2)*329/14*-2 is divided by s?
7
Suppose -b - 2*l - 139 = -2*b, b = -l + 136. Suppose 7*d = 2*d + 60. Let y = 16 + d. What is the remainder when b is divided by y?
25
Suppose 7410*h + 238 = 7418*h - 258. Calculate the remainder when 2527 is divided by h.
47
Let n be (-476)/6*(-216)/42. Suppose -3*h = -7*h + n. Let d = 191 - h. What is the remainder when d is divided by 31?
27
Let o = 133 - 137. Let r = o + 33. Calculate the remainder when r is divided by 10.
9
Suppose -2*b + 8 = 0, 47 = -4*j - j + 3*b. Let f = 921 + -887. What is the remainder when (-16)/(-56) + (-453)/j is divided by f?
31
Suppose -19*k + 728 = -17*k - 3*j, 1472 = 4*k - 2*j. Calculate the remainder when k is divided by 103.
61
Let x(l) = -l**3 + 13*l**2 - 19*l + 91. Let f be x(12). Suppose -f*d + 597 = -243. What is the remainder when d is divided by 25?
20
Calculate the remainder when 911 is divided by (-12 - (-855)/63)*7.
9
Suppose 1305*v + 2556 = 1518*v. Suppose 5*y - 3*y - 818 = -4*r, -4*r - 1207 = -3*y. What is the remainder when y is divided by v?
9
Let k(h) = 2*h**2 + 309. Let l be k(0). Let m = l - 178. Calculate the remainder when m is divided by 19.
17
Suppose 5*t + 18 = 2*k, 8 = -4*k + 3*t + 58. What is the remainder when (76/(-5))/(k/(-35)) is divided by 6?
2
Calculate the remainder when 326 is divided by 0 - 1 - -2 - 2052/(-108).
6
Suppose -6*c + 480 = -318. Suppose 0 = 20*d - 247 - c. Calculate the remainder when 225 is divided by d.
16
Let p(h) = 2*h - 36*h + 7 + 36*h + 22. Suppose 4*m + 22 = -18. What is the remainder when 30 is divided by p(m)?
3
Suppose -2*w = c - 672, -5*w + 20*c - 24*c + 1668 = 0. Calculate the remainder when 344 is divided by w.
4
Let n be 1/(-2)*-2 + 41. Let y = n - 30. Suppose 2637 = 3*v + 2535. What is the remainder when v is divided by y?
10
Suppose -189*z - 416 = -197*z. Suppose -q + 15 = 2*y - 5*y, 5*y + 115 = 5*q. What is the remainder when z is divided by q?
25
Let k be -4 + (-4 - (1 - 12)). Suppose -k*g = -23 - 43. Let q = g + 29. Calculate the remainder when q is divided by 28.
23
Suppose 3*j = 2*b - 208, -5*j - 205 - 105 = 4*b. Let p be (-2 - (-13)/7) + j/(-21). What is the remainder when ((-12)/p)/(0 + -2) is divided by 2?
0
Suppose 26*n + 72 = 32*n. Let a(q) = -3*q + 42. Suppose g + 16 = -5*r, 0 = -2*g + 5*r + 11 + 32. What is the remainder when g is divided by a(n)?
3
Suppose c - 679 = -11*v, c = 16 - 19. Calculate the remainder when 6997 is divided by v.
53
What is the remainder when 1070 is divided by ((-24)/27)/(-4) + 13*55318/3978?
165
Let c = -323 + 316. Calculate the remainder when 41 is divided by 1 + 4 + 9 - c.
20
Let b(p) = -6*p**3 + 283*p**2 + 41*p + 31. Calculate the remainder when b(47) is divided by 6.
3
Let o(d) = d**2 + 2*d - 8. Let x = -70 - -18. Let s = x - -46. Calculate the remainder when o(s) is divided by 9.
7
Let s = -3531 - -3577. What is the remainder when 151 is divided by s?
13
Let w(v) = 63*v - 4 - 119*v + 63*v. Let i be w(1). Suppose i*u = u - 10, u + 59 = 3*h. What is the remainder when 32 is divided by h?
14
Let b(j) = 56*j + 105*j - 49*j. Suppose -5*x - 15 = -3*z, z - 4585 = -4*x - 4546. Calculate the remainder when b(2) is divided by z.
14
Suppose 367*r = 363*r + 328. What is the remainder when 200 is divided by r?
36
Suppose -2*s - 8 = -j, 0 = -3*s - 4*j + 6 - 40. What is the remainder when 367 is divided by (-11)/((-33)/90)*(-2)/s?
7
Suppose 0 = 280*r - 276*r - 4, -4*d = -4*r - 9136. What is the remainder when d is divided by 255?
245
Calculate the remainder when 3023 is divided by 21/(24/240 - (-22)/80).
55
Suppose -49 - 77 = -2*r. Suppose -l + 13 = -3*z, r = l + 3*l - z. Calculate the remainder when l is divided by 7.
2
Let m = -44 - -16. Let c = m + 98. Suppose c = -0*g + 7*g. Calculate the remainder when 117 is divided by g.
7
Let q(n) = -77*n**3 - 6*n**2 + 14. What is the remainder when 3036 is divided by q(-2)?
6
Suppose -44*l = -62*l + 3528. Calculate the remainder when l is divided by 24.
4
Let o be (-2144)/(-6) - 6/(-9). Let i = o + 26. Calculate the remainder when i is divided by 55.
54
Let d = 59 - -53. Calculate the remainder when d is divided by 6093/117 + -14 - 5/65.
36
What is the remainder when 668 is divided by 288/(-10)*(1802/(-51) - -32)?
92
Suppose -4*j + 8 = -2*j. Let v = -1133 + 1133. Suppose v = -3*u + 2*k - 2 + 152, -u + j*k + 50 = 0. Calculate the remainder when u is divided by 13.
11
Suppose h = j + 3*h + 2, h + 1 = 0. Suppose 3*v + 3*f = -j*f + 30, f + 56 = 5*v. Calculate the remainder when 14 is divided by v.
3
Let m = 91 - 72. Let b be m + (4 - (2 + -2)). Suppose -3*s = -u - 78, 4*u + 19 + b = 2*s. Calculate the remainder when s is divided by 10.
7
Let u = 6985 + -6878. Calculate the remainder when 1175 is divided by u.
105
Let d(k) = 2*k**3 - 10*k**2 + k + 2. Let c be d(5). Let q(t) = 16*t - 64. Calculate the remainder when q(c) is divided by 18.
12
Let w = 4462 + -4422. Calculate the remainder when 331 is divided by w.
11
Suppose 6*q + 0*q - 30 = 0. Suppose 0 = -3*m - q*h - 8, 1 = 4*m - 3*h - 27. Suppose 3*z = m*z - 17. Calculate the remainder when 80 is divided by z.
12
Let q = -1050 + 1263. What is the remainder when q is divided by (81/(-144)*-4)/(2/32)?
33
Let d be 4/24*6 - (1 - 2). Suppose -88 = -d*v + 248. Suppose 0 = 4*l - t - 243, 0*t + 4*t - v = -3*l. Calculate the remainder when l is